divided by 21?
17
Calculate the remainder when 20251 is divided by 129.
127
What is the remainder when 626168 is divided by 22?
4
What is the remainder when 5157 is divided by 5111?
46
What is the remainder when 191357 is divided by 299?
296
What is the remainder when 6903 is divided by 147?
141
What is the remainder when 389324 is divided by 74?
10
What is the remainder when 24815 is divided by 1322?
1019
Calculate the remainder when 362645 is divided by 21.
17
Calculate the remainder when 26399 is divided by 15.
14
Calculate the remainder when 70857 is divided by 4167.
18
Calculate the remainder when 1201 is divided by 102.
79
What is the remainder when 1119182 is divided by 1107?
5
What is the remainder when 10007 is divided by 9890?
117
What is the remainder when 3365 is divided by 110?
65
Calculate the remainder when 3199 is divided by 108.
67
What is the remainder when 9960 is divided by 9957?
3
Calculate the remainder when 589087 is divided by 656.
655
Calculate the remainder when 3091 is divided by 12.
7
Calculate the remainder when 16514 is divided by 20.
14
Calculate the remainder when 601934 is divided by 101.
75
Calculate the remainder when 10123 is divided by 481.
22
What is the remainder when 49103 is divided by 496?
495
Calculate the remainder when 25635 is divided by 95.
80
Calculate the remainder when 2026 is divided by 186.
166
Calculate the remainder when 541 is divided by 313.
228
What is the remainder when 38505 is divided by 177?
96
What is the remainder when 18905 is divided by 1133?
777
What is the remainder when 22564 is divided by 36?
28
Calculate the remainder when 22840 is divided by 22806.
34
What is the remainder when 7029 is divided by 3301?
427
Calculate the remainder when 13846 is divided by 296.
230
Calculate the remainder when 10121 is divided by 1678.
53
Calculate the remainder when 98239 is divided by 93.
31
Calculate the remainder when 16233 is divided by 42.
21
What is the remainder when 85818 is divided by 28604?
6
Calculate the remainder when 42473 is divided by 14155.
8
What is the remainder when 90937 is divided by 82?
81
What is the remainder when 588896 is divided by 523?
521
Calculate the remainder when 5826 is divided by 503.
293
Calculate the remainder when 3405884 is divided by 11.
9
What is the remainder when 64629 is divided by 7180?
9
Calculate the remainder when 1086 is divided by 539.
8
What is the remainder when 3468 is divided by 77?
3
Calculate the remainder when 77074 is divided by 31.
8
Calculate the remainder when 471014 is divided by 7.
5
Calculate the remainder when 53766 is divided by 2828.
34
What is the remainder when 23223 is divided by 19?
5
What is the remainder when 2209 is divided by 2073?
136
What is the remainder when 84506 is divided by 74?
72
What is the remainder when 24462 is divided by 247?
9
What is the remainder when 372553 is divided by 39?
25
What is the remainder when 3686 is divided by 206?
184
Calculate the remainder when 14406 is divided by 191.
81
What is the remainder when 72546 is divided by 35?
26
Calculate the remainder when 12609 is divided by 130.
129
What is the remainder when 14623 is divided by 14611?
12
What is the remainder when 4045 is divided by 212?
17
What is the remainder when 26000 is divided by 25992?
8
Calculate the remainder when 64764 is divided by 453.
438
Calculate the remainder when 88620 is divided by 88.
4
Calculate the remainder when 437 is divided by 421.
16
Calculate the remainder when 2356 is divided by 524.
260
What is the remainder when 3186 is divided by 265?
6
What is the remainder when 122209 is divided by 22?
21
Calculate the remainder when 441367 is divided by 1599.
43
What is the remainder when 23237 is divided by 61?
57
Calculate the remainder when 21393 is divided by 238.
211
What is the remainder when 2484 is divided by 611?
40
Calculate the remainder when 3963 is divided by 44.
3
What is the remainder when 29803 is divided by 15?
13
Calculate the remainder when 39730 is divided by 23.
9
What is the remainder when 19243 is divided by 618?
85
Calculate the remainder when 2756 is divided by 1269.
218
Calculate the remainder when 123424 is divided by 211.
200
What is the remainder when 9469 is divided by 2085?
1129
What is the remainder when 5358 is divided by 16?
14
Calculate the remainder when 235 is divided by 219.
16
Calculate the remainder when 325235 is divided by 121.
108
What is the remainder when 11001 is divided by 845?
16
What is the remainder when 111226 is divided by 372?
370
Calculate the remainder when 15690 is divided by 38.
34
What is the remainder when 37307 is divided by 18631?
45
What is the remainder when 29714 is divided by 23?
21
Calculate the remainder when 246404 is divided by 5.
4
What is the remainder when 131838 is divided by 725?
613
What is the remainder when 7244 is divided by 126?
62
What is the remainder when 131034 is divided by 365?
364
What is the remainder when 76156 is divided by 70?
66
What is the remainder when 181128 is divided by 181?
128
What is the remainder when 300931 is divided by 9?
7
What is the remainder when 35731 is divided by 31?
19
Calculate the remainder when 2671 is divided by 1212.
247
What is the remainder when 236087 is divided by 78658?
113
What is the remainder when 2051 is divided by 428?
339
What is the remainder when 4425 is divided by 452?
357
Calculate the remainder when 7667 is divided by 2054.
1505
Calculate the remainder when 376794 is divided by 40.
34
Calculate the remainder when 411311 is divided by 19.
18
Calculate the remainder when 123184 is divided by 1384.
8
What is the remainder when 16753 is divided by 465?
13
What is the remainder when 9705273 is divided by 21?
18
Calculate the remainder when 13637 is divided by 195.
182
What is the remainder when 130254 is divided by 18598?
68
Calculate the remainder when 53781 is divided by 1223.
1192
Calculate the remainder when 50881 is divided by 26.
25
Calculate the remainder when 1049615 is divided by 1430.
1425
What is the remainder when 4164 is divided by 2078?
8
Calculate the remainder when 1299 is divided by 1120.
179
What is the remainder when 2414 is divided by 468?
74
Calculate the remainder when 13571 is divided by 39.
38
Calculate the remainder when 186297 is divided by 93134.
29
Calculate the remainder when 41758 is divided by 1391.
28
Calculate the remainder when 9055 is divided by 535.
495
What is the remainder when 123026 is divided by 90?
86
Calculate the remainder when 46043 is divided by 253.
250
What is the remainder when 101891 is divided by 64?
3
Calculate the remainder when 190400 is divided by 2505.
20
What is the remainder when 3839 is divided by 29?
11
Calculate the remainder when 661054 is divided by 88.
86
Calculate the remainder when 75365 is divided by 50.
15
Calculate the remainder when 25155 is divided by 89.
57
Calculate the remainder when 911 is divided by 455.
1
Calculate the remainder when 1663 is divided by 33.
13
Calculate the remainder when 165074 is divided by 465.
464
Calculate the remainder when 28364 is divided by 231.
182
Calculate the remainder when 22959 is divided by 160.
79
What is the remainder when 18166 is divided by 1133?
38
What is the remainder when 11274 is divided by 4?
2
Calculate the remainder when 16070 is divided by 22.
10
What is the remainder when 23178 is divided by 802?
722
Calculate the remainder when 138513 is divided by 34.
31
Calculate the remainder when 2537 is divided by 248.
57
Calculate the remainder when 11252 is divided by 2808.
20
What is the remainder when 60895 is divided by 374?
307
What is the remainder when 798 is divided by 25?
23
Calculate the remainder when 15663 is divided by 95.
83
What is the remainder when 734204 is divided by 10?
4
Calculate the remainder when 938 is divided by 29.
10
Calculate the remainder when 2694013 is divided by 166.
165
What is the remainder when 100006 is divided by 161?
25
What is the remainder when 2425256 is divided by 9?
8
What is the remainder when 11019 is divided by 318?
207
What is the remainder when 11152 is divided by 157?
5
Calculate the remainder when 4486 is divided by 4455.
31
Calculate the remainder when 3896 is divided by 216.
8
Calculate the remainder when 56265 is divided 